 a composite number?
False
Is 360121 prime?
False
Is 91733 composite?
False
Is 14939 composite?
False
Is 142757 prime?
True
Is 128147 composite?
False
Is 223 composite?
False
Is 3694 prime?
False
Is 55643 a composite number?
True
Is 118739 prime?
True
Is 12587 a composite number?
True
Is 48709 a composite number?
True
Is 29993 a composite number?
True
Is 9901 a prime number?
True
Is 105617 composite?
True
Is 1471751 composite?
False
Is 641371 a prime number?
True
Is 123911 a prime number?
True
Is 58727 prime?
True
Is 355193 a composite number?
False
Is 3863 composite?
False
Is 1916515 prime?
False
Is 55579 prime?
True
Is 22117 composite?
True
Is 1386815 composite?
True
Is 217453 composite?
True
Is 2638 a prime number?
False
Is 27131 composite?
True
Is 1261 prime?
False
Is 166693 a prime number?
True
Is 345431 composite?
False
Is 143329 prime?
True
Is 3503 composite?
True
Is 412457 prime?
True
Is 46049 a composite number?
False
Is 22769 a prime number?
True
Is 3251 prime?
True
Is 17401 composite?
False
Is 200737 prime?
False
Is 270605 a composite number?
True
Is 2099 composite?
False
Is 2497189 a prime number?
False
Is 173413 a composite number?
True
Is 17551 a prime number?
True
Is 24469 composite?
False
Is 256561 a prime number?
True
Is 838247 prime?
True
Is 993 composite?
True
Is 18923 a prime number?
False
Is 554959 composite?
False
Is 7873 composite?
False
Is 21985 a prime number?
False
Is 145351 a prime number?
False
Is 24083 a composite number?
False
Is 5021 prime?
True
Is 2253 composite?
True
Is 609335 a prime number?
False
Is 138053 a composite number?
False
Is 5401 composite?
True
Is 97863 prime?
False
Is 20074 a composite number?
True
Is 1029733 composite?
True
Is 91159 a composite number?
False
Is 934359 composite?
True
Is 631913 composite?
False
Is 1637 a prime number?
True
Is 15131 a prime number?
True
Is 93305 composite?
True
Is 147871 a prime number?
False
Is 641 prime?
True
Is 701 a prime number?
True
Is 5077 a composite number?
False
Is 22009 a composite number?
True
Is 47018 composite?
True
Is 36821 a composite number?
False
Is 128431 a prime number?
True
Is 13561 composite?
True
Is 2657 prime?
True
Is 8051 composite?
True
Is 4321 a composite number?
True
Is 160411 composite?
True
Is 257 composite?
False
Is 3456911 a composite number?
False
Is 769 a prime number?
True
Is 1451 composite?
False
Is 4321 prime?
False
Is 1234169 composite?
True
Is 224483 a composite number?
True
Is 14077 prime?
False
Is 9311 prime?
True
Is 14939 a prime number?
True
Is 65167 composite?
False
Is 53513 prime?
False
Is 862 composite?
True
Is 5438 a prime number?
False
Is 1234427 a composite number?
True
Is 1093427 a prime number?
True
Is 8461 a prime number?
True
Is 128165 composite?
True
Is 115883 composite?
False
Is 36683 a composite number?
False
Is 1931 prime?
True
Is 66919 prime?
True
Is 13913 composite?
False
Is 6439 a prime number?
False
Is 16347 a composite number?
True
Is 9277 prime?
True
Is 37217 a prime number?
True
Is 639161 a composite number?
True
Is 230929 composite?
False
Is 99263 a prime number?
False
Is 37437 a prime number?
False
Is 4685 composite?
True
Is 316273 prime?
False
Is 8779 a prime number?
True
Is 1213 prime?
True
Is 8051 a composite number?
True
Is 249897 composite?
True
Is 2057326 composite?
True
Is 11199 composite?
True
Is 37798 prime?
False
Is 19661 composite?
False
Is 73579 composite?
True
Is 6757 prime?
False
Is 2153 composite?
False
Is 170629 a composite number?
True
Is 46459 prime?
False
Is 190753 prime?
True
Is 566635 a prime number?
False
Is 2893 composite?
True
Is 253309 a prime number?
False
Is 61309 prime?
False
Is 26093 composite?
True
Is 513899 prime?
True
Is 147647 a composite number?
False
Is 221021 a prime number?
True
Is 51151 prime?
True
Is 39929 prime?
True
Is 40873 a composite number?
True
Is 5623 composite?
False
Is 280537 a composite number?
False
Is 252427 prime?
False
Is 1735 a prime number?
False
Is 485899 composite?
False
Is 122079 composite?
True
Is 170441 prime?
True
Is 2678563 a prime number?
False
Is 140083 composite?
True
Is 90163 prime?
True
Is 1273 a prime number?
False
Is 78379 composite?
True
Is 205 composite?
True
Is 32993 prime?
True
Is 47459 prime?
True
Is 317221 a composite number?
True
Is 9277 a composite number?
False
Is 191497 a composite number?
False
Is 12809 prime?
True
Is 24713 composite?
True
Is 29717 composite?
False
Is 9977 prime?
False
Is 41281 a prime number?
True
Is 1637887 a composite number?
False
Is 38219 composite?
False
Is 203291 composite?
True
Is 6499 a composite number?
True
Is 624917 a prime number?
True
Is 111422 composite?
True
Is 69109 prime?
True
Is 47239 a composite number?
True
Is 8639 a composite number?
True
Is 2993323 a prime number?
False
Is 984899 a composite number?
True
Is 36511 composite?
True
Is 487997 composite?
False
Is 365773 a composite number?
False
Is 122735 prime?
False
Is 89467 prime?
False
Is 25273 prime?
False
Is 18001 prime?
False
Is 2633 a composite number?
False
Is 2771 a prime number?
False
Is 7895 prime?
False
Is 227935 composite?
True
Is 371719 a composite number?
False
Is 55489 a composite number?
True
Is 19739 prime?
True
Is 651471 composite?
True
Is 136529 composite?
True
Is 13579 composite?
True
Is 138109 a prime number?
False
Is 168523 prime?
True
Is 1087 composite?
False
Is 3587 composite?
True
Is 887261 composite?
False
Is 699319 composite?
False
Is 244757 a prime number?
False
Is 111145 a prime number?
False
Is 58787 composite?
False
Is 231523 a composite number?
True
Is 1499 a composite number?
False
Is 283763 prime?
True
Is 7069 composite?
False
Is 815 a prime number?
False
Is 2863 composite?
True
Is 163517 a composite number?
False
Is 485819 prime?
True
Is 211859 a prime number?
True
Is 335 a prime number?
False
Is 1655 prime?
False
Is 10226 composite?
True
Is 55667 a composite number?
False
Is 90901 a composite number?
False
Is 9221 a composite number?
False
Is 1148489 composite?
False
Is 916411 a prime number?
True
Is 60353 a composite number?
False
Is 68587 composite?
True
Is 9274 a prime number?
False
Is 5951 composite?
True
Is 251993 a prime number?
False
Is 2167846 composite?
True
Is 31357 composite?
False
Is 459551 a prime number?
False
Is 19797 a prime number?
False
Is 609929 composite?
False
Is 307361 composite?
False
Is 7409 a composite number?
True
Is 6469 prime?
True
Is 31261 a composite number?
True
Is 5690613 a prime number?
False
Is 21253 composite?
True
Is 213119 prime?
True
Is 670529 a composite number?
True
Is 6733 a prime number?
True
Is 245171 a composite number?
False
Is 2629 prime?
False
Is 72139 a composite number?
False
Is 215465 composite?
True
Is 2929 a prime number?
False
Is 657017 a composite number?
False
Is 3491 a prime number?
True
Is 23945 a composite number?
True
Is 10481 prime?
False
Is 1238947 a prime number?
True
Is 46921 a prime number?
False
Is 29933 a prime number?
False
Is 21415 a prime number?
False
Is 6545321 a composite number?
False
Is 223 prime?
True
Is 8923 composite?
False
Is 704177 a composite number?
False
Is 47459 a composite number?
False
Is 33409 prime?
True
Is 21647 a composite number?
False
Is 1959941 composite?
False
Is 1861 composite?
False
Is 667 composite?
True
Is 506251 prime?
True
Is 3779 prime?
True
Is 7841 a composite number?
False
Is 508363 composite?
False
Is 481043 composite?
False
Is 15185 prime?
False
Is 92413 composite?
False
Is 31343 a prime number?
False
Is 27847 a composite number?
False
Is 137233 composite?
True
Is 4071307 composite?
False
Is 4441 a composite number?
False
Is 4327 prime?
True
Is 27377 a composite number?
True
Is 3319 prime?
True
Is 1604221 prime?
False
Is 43315 a prime number?
False
Is 2927 a prime number?
True
Is 303965 prime?
False
Is 180617 prime?
True
Is 30961 prime?
False
Is 23839 prime?
False
Is 3360749 prime?
False
Is 32599 a prime number?
False
Is 13963 a composite number?
False
Is 4208483 a composite number?
False
Is 691 a composite number?
False
Is 47903 a prime number?
True
Is 2707 a prime number?
True
Is 23649 composite?
True
Is 2222681 a prime number?
False
Is 14263 a composite number?
True
Is 59233 composite?
False
Is 9560965 a prime number?
False
Is 154571 prime?
True
Is 4663 a prime number?
True
Is 15637 prime?